{"id":6,"date":"2019-12-02T12:03:01","date_gmt":"2019-12-02T11:03:01","guid":{"rendered":"https:\/\/www.bestrong-app.com\/blog\/?page_id=6"},"modified":"2021-04-12T13:15:20","modified_gmt":"2021-04-12T11:15:20","slug":"accueil","status":"publish","type":"page","link":"https:\/\/www.bestrong-app.com\/blog\/","title":{"rendered":"Accueil"},"content":{"rendered":"<p>[et_pb_section fb_built=\u00a0\u00bb1&Prime; disabled_on=\u00a0\u00bbon|on|off\u00a0\u00bb admin_label=\u00a0\u00bbSlider POST (DESKTOP)\u00a0\u00bb _builder_version=\u00a0\u00bb4.2.1&Prime; background_enable_image=\u00a0\u00bboff\u00a0\u00bb background_size=\u00a0\u00bbcontain\u00a0\u00bb background_position=\u00a0\u00bbtop_left\u00a0\u00bb max_width=\u00a0\u00bb1900px\u00a0\u00bb module_alignment=\u00a0\u00bbcenter\u00a0\u00bb custom_padding=\u00a0\u00bb0px||0px||false|false\u00a0\u00bb][et_pb_row _builder_version=\u00a0\u00bb4.2.2&Prime; background_image=\u00a0\u00bbhttps:\/\/www.bestrong-app.com\/blog\/wp-content\/uploads\/2019\/12\/leaves.svg\u00a0\u00bb background_size=\u00a0\u00bbcontain\u00a0\u00bb background_position=\u00a0\u00bbtop_left\u00a0\u00bb width=\u00a0\u00bb100%\u00a0\u00bb max_width=\u00a0\u00bb100%\u00a0\u00bb custom_padding=\u00a0\u00bb0px||0px|||\u00a0\u00bb custom_css_main_element=\u00a0\u00bbbackground-position: top left -80px;\u00a0\u00bb][et_pb_column type=\u00a0\u00bb4_4&Prime; _builder_version=\u00a0\u00bb4.0.7&Prime;][et_pb_post_slider posts_number=\u00a0\u00bb3&Prime; show_arrows=\u00a0\u00bboff\u00a0\u00bb more_text=\u00a0\u00bbLire le dossier\u00a0\u00bb excerpt_length=\u00a0\u00bb100&Prime; image_placement=\u00a0\u00bbright\u00a0\u00bb use_bg_overlay=\u00a0\u00bboff\u00a0\u00bb use_text_overlay=\u00a0\u00bboff\u00a0\u00bb show_content_on_mobile=\u00a0\u00bboff\u00a0\u00bb show_image_video_mobile=\u00a0\u00bbon\u00a0\u00bb _builder_version=\u00a0\u00bb4.2.2&Prime; background_enable_color=\u00a0\u00bboff\u00a0\u00bb custom_button=\u00a0\u00bbon\u00a0\u00bb button_text_size=\u00a0\u00bb16px\u00a0\u00bb button_text_color=\u00a0\u00bb#ffffff\u00a0\u00bb button_bg_color=\u00a0\u00bb#a558e4&Prime; button_border_width=\u00a0\u00bb0px\u00a0\u00bb button_border_radius=\u00a0\u00bb40px\u00a0\u00bb button_letter_spacing=\u00a0\u00bb1px\u00a0\u00bb button_font=\u00a0\u00bb|600||on|||||\u00a0\u00bb button_use_icon=\u00a0\u00bboff\u00a0\u00bb button_custom_padding=\u00a0\u00bb9px|30px|9px|30px|false|true\u00a0\u00bb text_orientation=\u00a0\u00bbleft\u00a0\u00bb background_layout=\u00a0\u00bblight\u00a0\u00bb content_width=\u00a0\u00bb100%\u00a0\u00bb content_max_width=\u00a0\u00bb100%\u00a0\u00bb custom_padding=\u00a0\u00bb0px|0px||0px|false|false\u00a0\u00bb auto=\u00a0\u00bbon\u00a0\u00bb auto_speed=\u00a0\u00bb6000&Prime; auto_ignore_hover=\u00a0\u00bbon\u00a0\u00bb border_radii_image=\u00a0\u00bboff||||10px\u00a0\u00bb box_shadow_style_button=\u00a0\u00bbpreset3&Prime; box_shadow_vertical_button=\u00a0\u00bb10px\u00a0\u00bb box_shadow_blur_button=\u00a0\u00bb10px\u00a0\u00bb box_shadow_spread_button=\u00a0\u00bb0px\u00a0\u00bb box_shadow_color_button=\u00a0\u00bbrgba(0,0,0,0.1)\u00a0\u00bb show_meta__hover_enabled=\u00a0\u00bboff|desktop\u00a0\u00bb][\/et_pb_post_slider][\/et_pb_column][\/et_pb_row][\/et_pb_section][et_pb_section fb_built=\u00a0\u00bb1&Prime; fullwidth=\u00a0\u00bbon\u00a0\u00bb disabled_on=\u00a0\u00bboff|off|on\u00a0\u00bb admin_label=\u00a0\u00bbSlider POST (MOBILE)\u00a0\u00bb _builder_version=\u00a0\u00bb4.0.7&Prime;][et_pb_fullwidth_post_slider posts_number=\u00a0\u00bb3&Prime; include_categories=\u00a0\u00bball\u00a0\u00bb more_text=\u00a0\u00bbLire le dossier\u00a0\u00bb module_id=\u00a0\u00bbslide_mobile\u00a0\u00bb _builder_version=\u00a0\u00bb4.2.2&Prime; background_color=\u00a0\u00bb#ffffff\u00a0\u00bb custom_button=\u00a0\u00bbon\u00a0\u00bb button_text_color=\u00a0\u00bb#ffffff\u00a0\u00bb button_bg_color=\u00a0\u00bb#a558e4&Prime; button_border_width=\u00a0\u00bb0px\u00a0\u00bb button_border_radius=\u00a0\u00bb30px\u00a0\u00bb button_font=\u00a0\u00bb|600||on|||||\u00a0\u00bb button_use_icon=\u00a0\u00bboff\u00a0\u00bb button_alignment=\u00a0\u00bbcenter\u00a0\u00bb button_custom_padding=\u00a0\u00bb5px||5px||false|false\u00a0\u00bb content_width=\u00a0\u00bb100%\u00a0\u00bb][\/et_pb_fullwidth_post_slider][\/et_pb_section][et_pb_section fb_built=\u00a0\u00bb1&Prime; _builder_version=\u00a0\u00bb4.0.7&Prime; custom_padding=\u00a0\u00bb||0px|||\u00a0\u00bb][et_pb_row _builder_version=\u00a0\u00bb4.0.7&Prime; custom_padding=\u00a0\u00bb0px|||||\u00a0\u00bb][et_pb_column type=\u00a0\u00bb4_4&Prime; _builder_version=\u00a0\u00bb4.0.7&Prime;][et_pb_blog fullwidth=\u00a0\u00bboff\u00a0\u00bb posts_number=\u00a0\u00bb6&Prime; excerpt_length=\u00a0\u00bb40&Prime; show_author=\u00a0\u00bboff\u00a0\u00bb show_date=\u00a0\u00bboff\u00a0\u00bb show_pagination=\u00a0\u00bboff\u00a0\u00bb _builder_version=\u00a0\u00bb4.2.2&Prime; hover_enabled=\u00a0\u00bb0&Prime; include_categories=\u00a0\u00bb7&Prime;][\/et_pb_blog][\/et_pb_column][\/et_pb_row][\/et_pb_section][et_pb_section fb_built=\u00a0\u00bb1&Prime; _builder_version=\u00a0\u00bb4.0.7&Prime; custom_padding=\u00a0\u00bb0px||0px|||\u00a0\u00bb][et_pb_row column_structure=\u00a0\u00bb3_5,2_5&Prime; make_equal=\u00a0\u00bbon\u00a0\u00bb _builder_version=\u00a0\u00bb4.2.1&Prime; background_image=\u00a0\u00bbhttps:\/\/www.bestrong-app.com\/blog\/wp-content\/uploads\/2020\/01\/bestrong_leaf.svg\u00a0\u00bb background_size=\u00a0\u00bbcontain\u00a0\u00bb background_position=\u00a0\u00bbcenter_right\u00a0\u00bb width=\u00a0\u00bb100%\u00a0\u00bb max_width=\u00a0\u00bb100%\u00a0\u00bb][et_pb_column type=\u00a0\u00bb3_5&Prime; module_class=\u00a0\u00bbskew_visuel\u00a0\u00bb _builder_version=\u00a0\u00bb4.0.9&Prime; animation_direction=\u00a0\u00bbleft\u00a0\u00bb][et_pb_code _builder_version=\u00a0\u00bb4.2.2&Prime; background_image=\u00a0\u00bbhttps:\/\/www.bestrong-app.com\/blog\/wp-content\/uploads\/2020\/06\/petitblog2-scaled.jpg\u00a0\u00bb min_height=\u00a0\u00bb470px\u00a0\u00bb][\/et_pb_code][\/et_pb_column][et_pb_column type=\u00a0\u00bb2_5&Prime; _builder_version=\u00a0\u00bb4.0.9&Prime; custom_padding=\u00a0\u00bb60px|100px|||false|false\u00a0\u00bb custom_padding_tablet=\u00a0\u00bb\u00a0\u00bb custom_padding_phone=\u00a0\u00bb0px|5%||5%|false|false\u00a0\u00bb custom_padding_last_edited=\u00a0\u00bbon|desktop\u00a0\u00bb animation_direction=\u00a0\u00bbright\u00a0\u00bb][et_pb_text _builder_version=\u00a0\u00bb4.2.2&Prime; animation_style=\u00a0\u00bbslide\u00a0\u00bb animation_direction=\u00a0\u00bbright\u00a0\u00bb animation_duration=\u00a0\u00bb600ms\u00a0\u00bb animation_delay=\u00a0\u00bb150ms\u00a0\u00bb animation_intensity_slide=\u00a0\u00bb10%\u00a0\u00bb]<\/p>\n<p><span class=\"emphase\">L&rsquo;application bestrong<\/span><\/p>\n<h2><\/h2>\n<h2>Deviens ton propre coach !<\/h2>\n<p><span style=\"font-weight: 500;\">Laisse toi guider pendant les 10 jours d\u2019essai gratuit et deviens ton propre coach pour une transformation compl\u00e8te.<\/span><\/p>\n<p>[\/et_pb_text][et_pb_button button_url=\u00a0\u00bbhttps:\/\/www.bestrong-app.com\/\u00a0\u00bb button_text=\u00a0\u00bbD\u00e9couvrir\u00a0\u00bb _builder_version=\u00a0\u00bb4.2.2&Prime; animation_style=\u00a0\u00bbslide\u00a0\u00bb animation_direction=\u00a0\u00bbright\u00a0\u00bb animation_duration=\u00a0\u00bb600ms\u00a0\u00bb animation_delay=\u00a0\u00bb300ms\u00a0\u00bb animation_intensity_slide=\u00a0\u00bb10%\u00a0\u00bb][\/et_pb_button][\/et_pb_column][\/et_pb_row][\/et_pb_section][et_pb_section fb_built=\u00a0\u00bb1&Prime; _builder_version=\u00a0\u00bb4.0.9&Prime; custom_padding=\u00a0\u00bb||||false|false\u00a0\u00bb][et_pb_row _builder_version=\u00a0\u00bb4.0.7&Prime; custom_padding=\u00a0\u00bb0px|||||\u00a0\u00bb][et_pb_column type=\u00a0\u00bb4_4&Prime; _builder_version=\u00a0\u00bb4.0.7&Prime;][et_pb_blog fullwidth=\u00a0\u00bboff\u00a0\u00bb posts_number=\u00a0\u00bb3&Prime; excerpt_length=\u00a0\u00bb40&Prime; show_author=\u00a0\u00bboff\u00a0\u00bb show_date=\u00a0\u00bboff\u00a0\u00bb show_pagination=\u00a0\u00bboff\u00a0\u00bb offset_number=\u00a0\u00bb6&Prime; _builder_version=\u00a0\u00bb4.2.2&Prime; hover_enabled=\u00a0\u00bb0&Prime;][\/et_pb_blog][\/et_pb_column][\/et_pb_row][\/et_pb_section][et_pb_section fb_built=\u00a0\u00bb1&Prime; _builder_version=\u00a0\u00bb4.2.2&Prime;][et_pb_row _builder_version=\u00a0\u00bb4.2.2&Prime;][et_pb_column type=\u00a0\u00bb4_4&Prime; _builder_version=\u00a0\u00bb4.2.2&Prime;][et_pb_text admin_label=\u00a0\u00bbTexte\u00a0\u00bb _builder_version=\u00a0\u00bb4.2.2&Prime;]<\/p>\n<h1 style=\"text-align: center;\">Pourquoi le blog fitness Bestrong ?<\/h1>\n<p>[\/et_pb_text][et_pb_text admin_label=\u00a0\u00bbTexte\u00a0\u00bb _builder_version=\u00a0\u00bb4.2.2&Prime;]<\/p>\n<p class=\"p1\" style=\"text-align: justify;\">Le blog Fitness Bestrong est un <strong>compl\u00e9ment et un aper\u00e7u de la qualit\u00e9 de l\u2019application <\/strong>et un <strong>espace de partage de contenu<\/strong> autour de nos th\u00e9matiques pr\u00e9f\u00e9r\u00e9es. On vous livre tous nos meilleurs <strong>conseils ax\u00e9s sport, fitness, nutrition, et d\u00e9veloppement personnel<\/strong> afin de vous aider \u00e0 vous sentir <strong>bien dans votre corps, votre t\u00eate et dans votre vie. <\/strong>D\u00e9couvrez aussi chaque mois en instantan\u00e9 et <strong>en exclusivit\u00e9 toute l\u2019actualit\u00e9 et les nouveaut\u00e9s \u00e0 venir<\/strong> de <a href=\"https:\/\/www.bestrong-app.com\/\">l\u2019application sportive.<\/a> Ayez par exemple un <strong>aper\u00e7u de nos packs \u00e0 th\u00e9matiques de 30 recettes par mois<\/strong> avec ses conseils associ\u00e9s comme par exemple notre article sur le <a href=\"https:\/\/www.bestrong-app.com\/blog\/nutrition\/le-finger-food\/\">finger food et ses bienfaits,<\/a> ou encore notre <a href=\"https:\/\/www.bestrong-app.com\/blog\/nutrition\/pique-niques-vitamine-d\/\">pack pique-nique et en apprendre plus sur la vitamine D.\u00a0<\/a><\/p>\n<p class=\"p1\" style=\"text-align: justify;\">Apprenez-en plus sur les <strong>th\u00e9matiques sportives et sant\u00e9<\/strong> et d\u00e9couvrez <a href=\"https:\/\/www.bestrong-app.com\/blog\/fitness\/calculer-masse-grasse\/\">comment calculer votre masse grasse,<\/a> <a href=\"https:\/\/www.bestrong-app.com\/blog\/fitness\/adapter-son-programme-sportif\/\">comment adapter votre programme sportif<\/a> ou encore tout sur <a href=\"https:\/\/www.bestrong-app.com\/blog\/fitness\/souleve-de-terre-roumain-un-exercice-uniquement-pour-les-hommes\/\">l\u2019ex\u00e9cution parfaite du soulev\u00e9 de terre roumain.\u00a0<\/a><\/p>\n<p class=\"p1\" style=\"text-align: justify;\"><strong>Optimisez aussi votre sant\u00e9 et votre nutrition<\/strong> gr\u00e2ce \u00e0 nos pr\u00e9cieux conseils en d\u00e9couvrant <a href=\"https:\/\/www.bestrong-app.com\/blog\/nutrition\/comment-booster-son-immunite-via-lalimentation\/\">comment booster votre immunit\u00e9 via l\u2019alimentation<\/a> ou, <a href=\"https:\/\/www.bestrong-app.com\/blog\/nutrition\/les-effets-de-la-restriction-calorique-des-regimes-restrictifs\/\">quels sont les effets de la restriction calorique et des r\u00e9gimes restrictifs<\/a> ! Si vous souhaitez enfin \u00eatre en pleine forme, retrouver de l\u2019\u00e9nergie, de la vitalit\u00e9, via une alimentation saine, r\u00e9fl\u00e9chie, gourmande et adapt\u00e9e, suivez nos conseils chaque mois.<\/p>\n<p class=\"p1\" style=\"text-align: justify;\">Apprenez \u00e0 <strong>d\u00e9velopper vos capacit\u00e9s mentales<\/strong> gr\u00e2ce \u00e0 nos articles de d\u00e9veloppement personnel, et \u00e0 <strong>cheminer vers le bonheur et la positivit\u00e9<\/strong> en lisant nos articles sur <a href=\"https:\/\/www.bestrong-app.com\/blog\/lifestyle\/la-theorie-du-bonheur-et-du-bien-etre\/\">\u00ab\u00a0la th\u00e9orie du bonheur et du bien-\u00eatre\u00a0\u00bb<\/a> ou encore <a href=\"https:\/\/www.bestrong-app.com\/blog\/lifestyle\/developpement-personnel\/\">\u00ab\u00a0les outils de la positivit\u00e9 : \u00eatre et attirer\u00a0\u00bb.<\/a><\/p>\n<p class=\"p1\" style=\"text-align: justify;\">Enfin, on vous <strong>d\u00e9voile <\/strong><a href=\"https:\/\/www.bestrong-app.com\/blog\/behind-the-scenes\/\"><strong>les coulisses et tous les secrets<\/strong> de l&rsquo;application<\/a>. D\u00e9couvrez qui se cache derri\u00e8re notre entreprise\u00a0 et apprenez-en plus sur les secrets de fabrication et <a href=\"https:\/\/www.bestrong-app.com\/blog\/behind-the-scenes\/\">l\u2019entreprenariat <\/a>! On vous livre tout, sans filtre, sans fioritures comme par exemple avec notre <a href=\"https:\/\/www.bestrong-app.com\/blog\/behind-the-scenes\/business-entreprenariat-les-secrets-de-bestrong-app\/\">vid\u00e9o \u00ab\u00a0business, entreprendrait : les secrets de Bestrong\u00a0\u00bb<\/a>\u2026 #BeNatural ! Suivez \u00e9galement <a href=\"https:\/\/www.bestrong-app.com\/blog\/behind-the-scenes\/\">nos \u00e9v\u00e9nements, nos campagnes, ou nos challenges<\/a> lanc\u00e9s sur les r\u00e9seaux sociaux !<\/p>\n<p class=\"p1\" style=\"text-align: justify;\">Tous les secrets et toutes les <strong>cl\u00e9s essentielles afin de maximiser votre potentiel<\/strong> sont livr\u00e9es et partag\u00e9es pour vous, notre grandissante et fid\u00e8le communaut\u00e9 !<\/p>\n<p>[\/et_pb_text][\/et_pb_column][\/et_pb_row][\/et_pb_section]<\/p>\n","protected":false},"excerpt":{"rendered":"<p>[et_pb_section fb_built=\u00a0\u00bb1&Prime; disabled_on=\u00a0\u00bbon|on|off\u00a0\u00bb admin_label=\u00a0\u00bbSlider POST (DESKTOP)\u00a0\u00bb _builder_version=\u00a0\u00bb4.2.1&Prime; background_enable_image=\u00a0\u00bboff\u00a0\u00bb background_size=\u00a0\u00bbcontain\u00a0\u00bb background_position=\u00a0\u00bbtop_left\u00a0\u00bb max_width=\u00a0\u00bb1900px\u00a0\u00bb module_alignment=\u00a0\u00bbcenter\u00a0\u00bb custom_padding=\u00a0\u00bb0px||0px||false|false\u00a0\u00bb][et_pb_row _builder_version=\u00a0\u00bb4.2.2&Prime; background_image=\u00a0\u00bbhttps:\/\/www.bestrong-app.com\/blog\/wp-content\/uploads\/2019\/12\/leaves.svg\u00a0\u00bb background_size=\u00a0\u00bbcontain\u00a0\u00bb background_position=\u00a0\u00bbtop_left\u00a0\u00bb width=\u00a0\u00bb100%\u00a0\u00bb max_width=\u00a0\u00bb100%\u00a0\u00bb custom_padding=\u00a0\u00bb0px||0px|||\u00a0\u00bb custom_css_main_element=\u00a0\u00bbbackground-position: top left -80px;\u00a0\u00bb][et_pb_column type=\u00a0\u00bb4_4&Prime; _builder_version=\u00a0\u00bb4.0.7&Prime;][et_pb_post_slider posts_number=\u00a0\u00bb3&Prime; show_arrows=\u00a0\u00bboff\u00a0\u00bb more_text=\u00a0\u00bbLire le dossier\u00a0\u00bb excerpt_length=\u00a0\u00bb100&Prime; image_placement=\u00a0\u00bbright\u00a0\u00bb use_bg_overlay=\u00a0\u00bboff\u00a0\u00bb use_text_overlay=\u00a0\u00bboff\u00a0\u00bb show_content_on_mobile=\u00a0\u00bboff\u00a0\u00bb show_image_video_mobile=\u00a0\u00bbon\u00a0\u00bb _builder_version=\u00a0\u00bb4.2.2&Prime; background_enable_color=\u00a0\u00bboff\u00a0\u00bb custom_button=\u00a0\u00bbon\u00a0\u00bb button_text_size=\u00a0\u00bb16px\u00a0\u00bb button_text_color=\u00a0\u00bb#ffffff\u00a0\u00bb button_bg_color=\u00a0\u00bb#a558e4&Prime; button_border_width=\u00a0\u00bb0px\u00a0\u00bb button_border_radius=\u00a0\u00bb40px\u00a0\u00bb button_letter_spacing=\u00a0\u00bb1px\u00a0\u00bb button_font=\u00a0\u00bb|600||on|||||\u00a0\u00bb button_use_icon=\u00a0\u00bboff\u00a0\u00bb button_custom_padding=\u00a0\u00bb9px|30px|9px|30px|false|true\u00a0\u00bb text_orientation=\u00a0\u00bbleft\u00a0\u00bb background_layout=\u00a0\u00bblight\u00a0\u00bb content_width=\u00a0\u00bb100%\u00a0\u00bb content_max_width=\u00a0\u00bb100%\u00a0\u00bb custom_padding=\u00a0\u00bb0px|0px||0px|false|false\u00a0\u00bb auto=\u00a0\u00bbon\u00a0\u00bb [&hellip;]<\/p>\n","protected":false},"author":9,"featured_media":0,"parent":0,"menu_order":0,"comment_status":"closed","ping_status":"closed","template":"","meta":{"_et_pb_use_builder":"on","_et_pb_old_content":"","_et_gb_content_width":""},"yoast_head":"<!-- This site is optimized with the Yoast SEO plugin v14.9 - https:\/\/yoast.com\/wordpress\/plugins\/seo\/ -->\n<title>Le blog bestrong<\/title>\n<meta name=\"description\" content=\"Retrouvez nos dossiers Fitness, science et nutrition sur le blog. Transforme ton corps et ne manque plus jamais d\u2019inspiration avec l&#039;application Bestrong\" \/>\n<meta name=\"robots\" content=\"index, follow, max-snippet:-1, max-image-preview:large, max-video-preview:-1\" \/>\n<link rel=\"canonical\" href=\"https:\/\/www.bestrong-app.com\/blog\/\" \/>\n<meta property=\"og:locale\" content=\"fr_FR\" \/>\n<meta property=\"og:type\" content=\"article\" \/>\n<meta property=\"og:title\" content=\"Le blog bestrong\" \/>\n<meta property=\"og:description\" content=\"Retrouvez nos dossiers Fitness, science et nutrition sur le blog. Transforme ton corps et ne manque plus jamais d\u2019inspiration avec l&#039;application Bestrong\" \/>\n<meta property=\"og:url\" content=\"https:\/\/www.bestrong-app.com\/blog\/\" \/>\n<meta property=\"og:site_name\" content=\"bestrong - Le Blog\" \/>\n<meta property=\"article:modified_time\" content=\"2021-04-12T11:15:20+00:00\" \/>\n<meta name=\"twitter:card\" content=\"summary_large_image\" \/>\n<script type=\"application\/ld+json\" class=\"yoast-schema-graph\">{\"@context\":\"https:\/\/schema.org\",\"@graph\":[{\"@type\":\"WebSite\",\"@id\":\"https:\/\/www.bestrong-app.com\/blog\/#website\",\"url\":\"https:\/\/www.bestrong-app.com\/blog\/\",\"name\":\"bestrong - Le Blog\",\"description\":\"Deviens ton propre coach\",\"potentialAction\":[{\"@type\":\"SearchAction\",\"target\":\"https:\/\/www.bestrong-app.com\/blog\/?s={search_term_string}\",\"query-input\":\"required name=search_term_string\"}],\"inLanguage\":\"fr-FR\"},{\"@type\":\"WebPage\",\"@id\":\"https:\/\/www.bestrong-app.com\/blog\/#webpage\",\"url\":\"https:\/\/www.bestrong-app.com\/blog\/\",\"name\":\"Le blog bestrong\",\"isPartOf\":{\"@id\":\"https:\/\/www.bestrong-app.com\/blog\/#website\"},\"datePublished\":\"2019-12-02T11:03:01+00:00\",\"dateModified\":\"2021-04-12T11:15:20+00:00\",\"description\":\"Retrouvez nos dossiers Fitness, science et nutrition sur le blog. Transforme ton corps et ne manque plus jamais d\\u2019inspiration avec l'application Bestrong\",\"inLanguage\":\"fr-FR\",\"potentialAction\":[{\"@type\":\"ReadAction\",\"target\":[\"https:\/\/www.bestrong-app.com\/blog\/\"]}]}]}<\/script>\n<!-- \/ Yoast SEO plugin. -->","_links":{"self":[{"href":"https:\/\/www.bestrong-app.com\/blog\/wp-json\/wp\/v2\/pages\/6"}],"collection":[{"href":"https:\/\/www.bestrong-app.com\/blog\/wp-json\/wp\/v2\/pages"}],"about":[{"href":"https:\/\/www.bestrong-app.com\/blog\/wp-json\/wp\/v2\/types\/page"}],"author":[{"embeddable":true,"href":"https:\/\/www.bestrong-app.com\/blog\/wp-json\/wp\/v2\/users\/9"}],"replies":[{"embeddable":true,"href":"https:\/\/www.bestrong-app.com\/blog\/wp-json\/wp\/v2\/comments?post=6"}],"version-history":[{"count":96,"href":"https:\/\/www.bestrong-app.com\/blog\/wp-json\/wp\/v2\/pages\/6\/revisions"}],"predecessor-version":[{"id":2963,"href":"https:\/\/www.bestrong-app.com\/blog\/wp-json\/wp\/v2\/pages\/6\/revisions\/2963"}],"wp:attachment":[{"href":"https:\/\/www.bestrong-app.com\/blog\/wp-json\/wp\/v2\/media?parent=6"}],"curies":[{"name":"wp","href":"https:\/\/api.w.org\/{rel}","templated":true}]}}